Suppose -489 = -2*n + 745. Is n a multiple of 27?
False
Let f be 38/285 + (-4)/30. Suppose -8*o + 440 + 584 = f. Is o a multiple of 16?
True
Let n = -35 + 32. Let m(b) = -6*b - 6. Is 12 a factor of m(n)?
True
Let l(p) = 13*p**2 + 5 + 0 - 3*p**3 - 15*p**2 - p. Does 22 divide l(-4)?
False
Let k be (497/28 + 1)/((-1)/(-24)). Suppose 6*l - k = 3*l. Is 14 a factor of l?
False
Let s = 13 - 11. Let d = 1 + s. Suppose 4*v = v - 3*k + 39, -d*v + 37 = 5*k. Is 14 a factor of v?
True
Let c = 397 - -191. Suppose -6*f + c = 48. Is f a multiple of 10?
True
Suppose -5*o + 470 = 5*k, -5*o + 17*k = 15*k - 498. Is 10 a factor of o?
False
Suppose -5*q - 29 = -0*q - i, 5*q - 5*i + 25 = 0. Let k be -6*q*1 + -3. Let t = -15 + k. Does 9 divide t?
True
Let a(n) = 645 - 14*n - 645. Let w be ((-2)/(-1))/(0 - 1). Does 17 divide a(w)?
False
Let m = -25 + 27. Suppose 2*q = -q - 4*i - 15, 4*i = m*q + 30. Let l = 15 - q. Is l a multiple of 7?
False
Let h(l) = 3*l + 6. Let z(v) = -13*v - 25. Let j(k) = 9*h(k) + 2*z(k). Let i be j(-5). Is 2 + 24 - (i + -2) a multiple of 17?
False
Let b(w) = -7*w**2 + 7*w. Let o(h) = -3*h**2 + 3*h. Let y(m) = 2*b(m) - 5*o(m). Is 12 a factor of y(-3)?
True
Let m be ((-2)/(-4))/((12/(-3))/(-360)). Suppose 25*n - 30*n + m = 0. Is 4 a factor of n?
False
Let g = -16 - -100. Suppose -3*q - 16 = -m + 6, 3*q + g = 3*m. Is m even?
False
Suppose 0 = -4*m - 4, -2*v + m + 428 + 869 = 0. Suppose 3*j - v = j. Let i = j - 230. Is 23 a factor of i?
False
Let w(g) = -g**3 - 11*g**2 - 11*g - 5. Let v be w(-7). Let c = v + 226. Is 9 a factor of c?
False
Suppose -3*l = -0 - 12. Suppose 3*w - 1100 = -4*t, -850 = -0*t - 3*t + l*w. Is 22 a factor of t?
False
Suppose 37 = 10*p - 13. Suppose p*u - 49 = 776. Does 13 divide u?
False
Suppose 5*o + c = -2*c + 2456, o - 2*c - 499 = 0. Does 81 divide o?
False
Let b = 14 - 11. Suppose 2*m - 3*m = -3*g + 149, -b*g - 2*m + 161 = 0. Is g a multiple of 4?
False
Let s(l) = 4*l**3 + 21*l**2 - l + 41. Let m(g) = -g**3 - 4*g**2 - 8. Let j(t) = 11*m(t) + 2*s(t). Let n be j(-4). Is 14 a factor of (n/(-4))/(6/(-8))?
False
Suppose -4*c - 37*h + 34*h = -2429, -c + 607 = h. Does 76 divide c?
True
Let o be 1/2*-4 + 18. Suppose q - o = 20. Does 11 divide 4/(-18) - (-1556)/q?
False
Let i be 3/(-6)*-2 - 0. Suppose 0 = -2*l - i - 13. Let k(r) = r**3 + 7*r**2 - 2*r + 8. Is k(l) a multiple of 13?
False
Let b(v) = v**2 + 4*v + 2. Let u be b(-3). Suppose p - 5*p + 36 = 0. Let c = u + p. Is 4 a factor of c?
True
Let g(z) = z**3 - 2*z**2 - 2*z - 1. Let j(a) = -a**2 + 12*a + 12. Let h be j(13). Let t be g(h). Is 13 a factor of (t + 7)*(-78)/(-10)?
True
Suppose 21*i + 3*i = 6192. Is i a multiple of 18?
False
Let j(x) be the second derivative of 7*x**3 + x**2 + 6*x. Let k(y) = 85*y + 5. Let d(c) = -9*j(c) + 4*k(c). Is 12 a factor of d(-1)?
False
Let h be 2*(-1)/2 - -5. Suppose -2 = i, -2*f - i + h + 0 = 0. Suppose -6*s - f = -5*s, -3*u - 2*s + 6 = 0. Is 4 a factor of u?
True
Let j = 39 + -96. Suppose 5*l = -5*u - 115, 0 = 2*u - 5*l + 53 - 7. Let y = u - j. Is 17 a factor of y?
True
Let k = 13 - 10. Does 10 divide (15/10)/k*132?
False
Let u be (6/4)/((-9)/(-78)). Suppose -u*y + 6 = -12*y. Is 3 a factor of (y - 5)/((-1)/(-6))?
True
Let b(m) = 2*m - 6. Let p be b(4). Let f be (-7)/14 + 7/p. Suppose -f*o = -3*q - 5*o + 25, q + 3*o + 1 = 0. Does 7 divide q?
False
Let r be ((-2)/(-2) + -1)/(-1). Let u = r - -4. Does 14 divide (-6)/u + 335/10?
False
Let n = 70 + -68. Does 13 divide (1 + (0 - n))/((-1)/39)?
True
Let x(z) = -4 + 0*z**3 - 6*z - 3*z**2 + 0*z**3 - z**3 - 4. Does 18 divide x(-6)?
False
Let t = -24 - -8. Let a be (t/10 + 3)*15. Is 10 a factor of (-980)/a*6/(-4)?
True
Let d = -6 - -19. Suppose -d*g + 420 = -6*g. Is 10 a factor of g?
True
Let a(b) = -3*b**2 + 6*b - 1. Let p be a(5). Let t(u) = -u**2 + 5*u + 2. Let m be t(-6). Let c = p - m. Is c a multiple of 6?
True
Let b = -775 - -1310. Does 47 divide b?
False
Let w be (-3 - 7)*(-2)/4. Suppose n = -t - 6, t = -2*t - w*n - 20. Let a(f) = -f + 3. Is a(t) a multiple of 8?
True
Is ((-160)/(-12) + -5 - 5)*117 a multiple of 78?
True
Let c(y) be the second derivative of y**5/20 + y**4 + 23*y**3/6 + 13*y**2/2 - 2*y - 23. Is 3 a factor of c(-9)?
False
Let j = -17 + 18. Let n = 38 + j. Let d = -23 + n. Is 4 a factor of d?
True
Suppose 19*o = 67404 - 23248. Is 11 a factor of o?
False
Suppose 3*h - 5*u = 2364 - 293, -1398 = -2*h - u. Does 17 divide h?
True
Suppose 2*y = 2*q - 234, q - 5*y - 87 = 26. Let n = q - 73. Does 15 divide n?
True
Suppose 0 = -3*w - 2*w - 20, 0 = f - w - 13. Let y = 12 - f. Does 5 divide 1/3 - (-59)/y?
True
Suppose -9*w - 12*w + 19299 = 0. Is 10 a factor of w?
False
Let a(j) = j**2 + 10*j - 6. Let q be a(-11). Suppose g + 125 = 6*g + q*f, -g + 4*f = -50. Suppose 11*b = 8*b + g. Does 10 divide b?
True
Let o = -272 - -330. Is 4 a factor of o?
False
Let x(r) = 2*r - 1. Let b(l) = 5*l + 6. Let m(y) = b(y) - 3*x(y). Let s be (1 - (-2 + 4)) + 1. Is 3 a factor of m(s)?
True
Suppose -3841*p + 19734 = -3835*p. Is 24 a factor of p?
False
Let s be ((-3)/2)/((-6)/68). Suppose -i = -s - 0. Is i a multiple of 17?
True
Suppose 0 = -4*z - d + 55 + 81, 0 = 2*z + 4*d - 68. Is 4 a factor of z?
False
Suppose -103 = 4*z - 5*m, z + 0*m - 3*m = -24. Let x = 62 + z. Is x a multiple of 18?
False
Let f(t) = -219*t - 19. Is f(-1) a multiple of 40?
True
Let p(v) be the third derivative of -v**5/60 + v**4/12 + 6*v**3 - 7*v**2. Is 14 a factor of p(0)?
False
Let h(n) = 2*n + 5. Let p be h(-4). Suppose 70 = 5*g + 5*g. Is 15 a factor of (6/g)/(p/(-105))?
True
Let i(g) = 1 - 4*g**3 + 0*g + 0*g**2 + 0*g + g**2. Does 4 divide i(-1)?
False
Suppose -2*z - 3*z - 4*l = -15, 3*l = -3*z + 12. Let x(b) = -149*b + 1. Let c be x(z). Suppose -y = -5*t - 0*y + 125, c = 5*t + 4*y. Is t a multiple of 26?
True
Is 1 - (-1416)/(7 - 4) a multiple of 4?
False
Does 44 divide 9 + 2261 - 0/((-12)/4)?
False
Suppose 2*k - 3*w - 26 = 0, -4*k + 62 = -4*w + 6. Suppose 2*a = -4*f + 4*a + k, -3*a - 12 = 0. Does 13 divide (-655)/(-15) - f/(-6)?
False
Let r(a) = -a**2 - 2*a + 1. Suppose 2*m + 1 = -3. Let x be r(m). Does 9 divide (-6)/((-2)/(-3) - x)?
True
Suppose 23*w = 16 + 674. Is 15 a factor of w?
True
Suppose 2*a = 152 + 132. Let m = a - -40. Does 22 divide m?
False
Let d = 406 + -176. Let t = d - 78. Does 38 divide t?
True
Suppose -5*f = 2*p + 4, -2*f - 16 = -0*p - 4*p. Suppose -w = 0, -5*s = -3*s + p*w + 28. Let y = s - -32. Does 9 divide y?
True
Suppose 4*n = 5*c - 37, -4*c + 3 + 5 = 4*n. Suppose 7*v = c*v - 20. Does 12 divide v/(3 + (-68)/20)?
False
Suppose -5*p - 3*l = -400, 4*l + l + 80 = p. Is 4 a factor of p?
True
Let j be 6/18*18/1. Let g(b) = 4*b**2 - 11*b. Does 13 divide g(j)?
True
Suppose -6*v = -59 + 5. Suppose -v*o + 14*o - 625 = 0. Is o a multiple of 34?
False
Suppose 4*c + 38 = 4*l - 386, 2*c + 216 = 3*l. Is 8 a factor of 12 + -7 + c/(-2)?
True
Suppose 2*b = -4*z + 62 - 6, b = 0. Let u = z + -22. Does 21 divide (-122)/(-3) + u/12?
False
Suppose -2*a - 3*g - 98 = -a, 0 = -a - 4*g - 101. Let d = -21 - a. Is 34 a factor of d?
True
Let s = 1170 + -1146. Let p = -32 + 22. Does 14 divide s/p*770/(-33)?
True
Suppose 0 = 11*y - 18*y + 14. Suppose 5*k - 4*k - y*d = 186, d = -3*k + 593. Is 45 a factor of k?
False
Does 23 divide (-416)/(-9) + 14/(-63)?
True
Suppose w = c + 2*c + 6, -2*w - 2*c + 4 = 0. Suppose -18 = -3*n + w*l, 5*n + 7*l - 10 = 2*l. Let p = n + 0. Is p a multiple of 4?
True
Let o = 0 + 2. Suppose k - 2 = o. Is ((-2)/3)/(k/(-114)) a multiple of 19?
True
Let f = -599 + 2056. Is 31 a factor of f?
True
Let t be -3 - 5/5*(-1 + -2). Suppose -q = -5*j + 222, 2*q - 51 = -j - t*q. Does 9 divide j?
True
Suppose -13*l - 2125 = -18*l. Is l a multiple of 10?
False
Let v(b) = 2*b**2 - 2*b - 170. Does 10 divide v(16)?
True
Suppose -4*g = 5*u + 5, 5*g + 4*u = 2*g - 5. Suppose 5*k = -5, 4*k = g*o - 184 - 60. Is 16 a factor of o?
True
Let l = 612 + -305. Is l a multiple of 5?
False
Suppose 18 = 28*v - 25*v. Let z(r) = 39*r - 19. Is 20 a factor of z(v)?
False
Suppose 57*j - 167348 = 11*j. Is 17 a factor of j?
True
Let p(b) = -b**2 - 4*b + 14. Let h be p(-6). Suppose -i - 8 = a, -a - 4*i = h*a + 27. Let g(x) = -5*x - 12. Is g(a) a multiple of 11?
False
Suppose 5*y - 3*j - 1206 = 0, -444 - 512 = -4*y - 2*j. Is y a multiple of 24?
True
Let g = 8